8 = 586*r, -2*r - 3*n + 16654 = 0. What is the hundreds digit of r?
3
Suppose -21*a + 20*a = 3*j - 6987, 2*a - 13998 = 2*j. What is the hundreds digit of a?
9
Let n(s) be the first derivative of -s**4/4 + 11*s**3/3 - 2*s**2 - 6*s - 28. Suppose 4*z - w - 31 = z, -z - 5*w = 11. What is the units digit of n(z)?
0
Suppose x = -2*f + 38, -2*f = -0*x + 2*x - 42. Suppose -r - 11 - f = 0. Let h = r - -88. What is the units digit of h?
0
Let x(u) = 6*u + 10*u + 6 + 9 - 8. Let z be x(-4). Let v = 52 - z. What is the tens digit of v?
0
Suppose 46061 = 2*x - 3*b, -654*x + 2*b = -658*x + 92178. What is the units digit of x?
1
Let l(h) be the third derivative of -h**5/60 - 23*h**4/24 - 5*h**3/3 - 95*h**2. Suppose 0 = p + 16 - 3. What is the units digit of l(p)?
0
Suppose -474027 = -155*z + 66*z + 444720. What is the ten thousands digit of z?
1
Let g be (6/(-8))/((9/4)/(-9)). Suppose 5*o = 7*o - g*q - 895, -3*q = -o + 440. What is the units digit of o?
5
Let i be (-24)/((12/1338)/(-1)). Suppose 3*g = 2013 + i. What is the hundreds digit of g?
5
Suppose 2*f + 9 = 4*y + 51, -4*f + 56 = -y. Suppose f*h - 1430 = -2*n + 8*h, -3*n + 2*h = -2145. What is the tens digit of n?
1
Let m = -37 - -40. Suppose -4*u + 0*r + r = -87, m*u = 2*r + 69. Suppose 0 = -2*w + 31 - u. What is the units digit of w?
5
Let i(d) = -3*d**2 - 4 - 5 + 2*d**2 - 167*d - 2 + 248*d. What is the thousands digit of i(43)?
1
Suppose 5*k + 18672494 + 1243900 = 386*k. What is the hundreds digit of k?
2
Let o(r) = -r**2 + 2*r + 17. Let m be o(-7). Let f = m - -51. What is the tens digit of 4/(((-8)/(-20))/(9/f))?
1
Suppose 3*l - 14 = 2*z, -4*z + 2*z + 42 = 4*l. Let n be (-160)/150*6/l*-5. Suppose n*t - 413 = -3*t. What is the units digit of t?
9
Let y(b) = b**2 + 7*b + 6. Let z be y(-6). Suppose 7*p - 2*p - 823 = g, -3*p + 5*g + 485 = z. What is the hundreds digit of p?
1
Suppose 156060 = 3*t + 15*t. What is the units digit of t?
0
Let a(d) = 9 + 5*d**2 - 7 - 67*d + 8 + 56*d + 6*d**2. What is the hundreds digit of a(-8)?
8
Let s(y) be the first derivative of y**2/2 - y + 15. Let z be s(-5). What is the units digit of 1/((-2)/z) + 5?
8
Let w(s) = 34*s**2 + 1. Let o be w(2). Let m = o + -98. What is the units digit of (m/(-15))/((-4)/20)?
3
Let y(d) = d**2 - 18*d + 18. Let g be y(16). Let a(s) = s**3 + 3*s**2 + 3*s + 3. Let c be a(-2). What is the units digit of c/1 - (g + 13)?
2
Suppose k + 4*k + 2686 = 2*w, -4*w - 5*k = -5432. Suppose 17*l - w = 1758. What is the tens digit of l?
8
Let f be (279/4)/((-12)/32). Suppose 1715 - 479 = 3*b. Let q = f + b. What is the tens digit of q?
2
Suppose 14 = 3*w - 1. Suppose -4*c = -5*x - 923, c + w*x = -116 + 378. What is the units digit of c?
7
Let m(s) = -2*s**3 + 66*s**2 - 69*s + 74. What is the hundreds digit of m(31)?
7
Suppose -4*s = -b + 16, -5*b = -b - 5*s - 86. Suppose -4*m - b = -10*m. Suppose 3*l + m*z = 134, -z - 93 = -2*l - 0*l. What is the units digit of l?
6
Suppose 5*l - 5360 = -5*y, 2*y = 5*l - 2*y - 5333. Suppose -z = -5*p - 3*z + l, -2*p + 418 = -4*z. What is the tens digit of 2 + -1 - -3*p/9?
7
Let v be 10 + 391 + (2 - 0) + 1. Let s = 567 - v. Suppose -2*t + 6*t = 5*b + 627, -5*b + s = t. What is the tens digit of t?
5
Suppose -73*m + 2981614 - 116072 = 0. What is the units digit of m?
4
Let l(t) = t**2 + t - 3. Let a be l(-5). Let g(z) = 4*z + z**2 + 50 + 34*z - 3*z**2 - 47. What is the units digit of g(a)?
1
Let y(k) = 3*k**2 + 38*k - 80. Suppose 4*m - 131 = 5*z, 11*z = 15*z - 4*m + 108. What is the hundreds digit of y(z)?
6
Suppose -4*j + 11 = -69. Suppose 5*c + 4783 = -v + 5*v, 4*c - j = 0. What is the units digit of v?
2
Let o = -77398 - -153556. What is the hundreds digit of o?
1
Let b(x) = -19 + 114*x + 10*x**2 - 112*x - 3. What is the hundreds digit of b(6)?
3
Let c(k) = 570*k + 18. What is the hundreds digit of c(6)?
4
Suppose 3204 = 2*p + 5*z, -3*p = -3*z - 3360 - 1446. Let r = p + -1144. What is the hundreds digit of r?
4
Let q be -40*((-6)/4 + (5 - 5)). Let g = q + 25. What is the units digit of g?
5
What is the hundreds digit of 29768/18 + 254/1143?
6
Let y = 550 - 932. Let n(s) = -s**3 + 3*s**2 + 12*s + 181. Let k be n(-7). Let t = y + k. What is the hundreds digit of t?
2
Suppose -16936 = 3*t - 5*t + 10304. What is the units digit of t?
0
Suppose -17 = 2*s - 13. Let z(t) = 178*t**3 - 4*t**2 - 4*t + 4. Let o be z(s). What is the hundreds digit of (o/(9 - 3))/((-2)/1)?
1
What is the tens digit of (-6844)/((-2751)/(-147) - 19)?
5
Suppose 0 = 12*c - 156435 - 78273. What is the thousands digit of c?
9
Suppose -59*g - 2960 = -61*g. Suppose -4*x = 6*x - g. What is the tens digit of x?
4
Let b = -4159 + 6804. What is the tens digit of b?
4
Suppose 2*v = -4*h + 42422 + 163218, 257053 = 5*h + 4*v. What is the thousands digit of h?
1
Suppose 0 = -4*t - g + 14, -2*t = -t + 5*g - 13. Suppose t*x - 5*w = 790, -x - 5*w + 3*w = -256. What is the hundreds digit of x?
2
Let o(j) = -j**3 + 4*j**2 + 8*j - 19. Let s be o(4). Suppose s*b - b - 4260 = 0. What is the hundreds digit of b?
3
Let w(n) = -515 + 6*n**2 + 37*n - n**3 + 9*n**2 + 1042 - 509. What is the units digit of w(16)?
4
Let l be 2/((-21)/24 - -1). Suppose 2*u - 12 = -u - 2*f, -4*u + f = -l. Let w = 57 - u. What is the tens digit of w?
5
Suppose -5*n = -28*u + 25*u + 95381, -3*u = -3*n - 95367. What is the ten thousands digit of u?
3
What is the units digit of -4*4/(-8)*(-60 + 4422)?
4
Let a(m) be the second derivative of 131*m**3/3 - 7*m**2 + 14*m. What is the tens digit of a(3)?
7
Let i be (-4)/(-18) - (-1 - 75/27). Suppose -i*v = -18 + 2. Suppose v*f + 138 = k, 2*f - 156 = -k - 3*f. What is the tens digit of k?
4
Suppose 6*c + 14091 = 11*c - v, -5664 = -2*c + 5*v. What is the hundreds digit of c?
8
Suppose -125*j + 130*j - a - 10154 = 0, j - 2026 = a. What is the units digit of j?
2
Let u be 6/4*(7 + (-125)/15). What is the units digit of (-65)/(-65) + (-482)/(u/1)?
2
Let f be ((-16)/6)/(11/((-37455)/10)). Suppose -2*z = -4*z + s + f, 0 = 3*z - s - 1360. What is the hundreds digit of z?
4
Let d be (-55 - 2)/(3 - 4). Let t = -54 + d. What is the units digit of (-1 - 327/3)/((-3)/t)?
0
What is the hundreds digit of 55/44 + (-28871)/(-4)?
2
Suppose -5*m = -5, -5*f - 4*m + 2*m = 28. Let d(b) = -2*b**3 + 4*b**2 + 26*b. What is the units digit of d(f)?
0
Let u(s) = 30*s**2 - 152*s + 111. What is the thousands digit of u(20)?
9
Let b(c) = 53*c**2 + 7*c. Let q be 5 - (1 + 4) - -2. What is the tens digit of b(q)?
2
Suppose -13*a + 4244 = -20157. Suppose -3*j + a = -4*b, 3*b - 1782 = -5*j + 1385. What is the hundreds digit of j?
6
Let m(l) = 1244*l - 4202. What is the hundreds digit of m(4)?
7
Suppose -5*s + 125923 = -3*g - 0*g, -6*s = -g - 151118. What is the thousands digit of s?
5
Let q = -8 + 12. Suppose 6676 = -q*i + 8*i. Suppose -9*z + i = 265. What is the hundreds digit of z?
1
Suppose 3*u = 4*p - 15, 6*u - 5*p = u - 25. Let v be (-993)/15 + 4/u. Let q = 123 + v. What is the units digit of q?
6
Suppose -2*a = 0, -5*a = -2*z + 270 - 94. Let g = -103 - z. Let v = -133 - g. What is the units digit of v?
8
Let f = 189 + -132. Let j = -72 + f. What is the units digit of 6*12/j*(-20)/6?
6
Let y(d) = 557*d + 4773. What is the tens digit of y(21)?
7
Let q(a) = -4*a - 39. Let l be q(0). Let p = l - -41. Suppose 32 = p*s + 8. What is the units digit of s?
2
Let s = 320 + -944. Let l be 3/(-5) + s/(-65). What is the hundreds digit of l/(45/(-20)) + 113?
1
Suppose 3*x - 35957 = -13*l + 12*l, -2*x + 2*l = -23958. What is the units digit of x?
4
Let i be (-16)/((-16)/4) - 10. Let l be ((-62)/i)/(2/(-6)). What is the units digit of l*(2 + -3 + 0)?
1
Let n(t) = 2181*t**2 + 90*t + 9. What is the tens digit of n(-3)?
6
Suppose 0 = 5*u - 2*u - 57. Let g = u + -17. Suppose g*a + 2*b = 25 + 37, -4*b = a - 46. What is the tens digit of a?
2
Suppose n = -5*c - 32, 0*n - 66 = 3*n + 5*c. Let u = n - -23. What is the units digit of 33 - (-1 + 1)*u/6?
3
Let t(q) = q**3 + 39*q**2 + 222*q + 77. What is the tens digit of t(-25)?
7
Suppose -68*x = -65*x + 483. Let p = x + 718. What is the units digit of p?
7
Suppose 2*a - 682 = 2*n, -4*n + 72 = -a + 428. Suppose 4*x = -5*z + 83 + 262, 0 = 4*x - 4*z - a. What is the tens digit of x?
8
Suppose 2*s + 2*z = -14, -2*s - 5*z + 11 = 40. Let a = s + 5. Suppose a*g - 3*w 